 digit of 3611?
6
What is the thousands digit of 2454?
2
What is the tens digit of 10521?
2
What is the thousands digit of 12774?
2
What is the ten thousands digit of 68491?
6
What is the units digit of 553?
3
What is the tens digit of 68667?
6
What is the thousands digit of 1455?
1
What is the thousands digit of 1106?
1
What is the hundreds digit of 4092?
0
What is the hundreds digit of 231?
2
What is the hundreds digit of 543?
5
What is the units digit of 1254?
4
What is the tens digit of 5782?
8
What is the hundreds digit of 1858?
8
What is the tens digit of 1418?
1
What is the tens digit of 2442?
4
What is the tens digit of 1041?
4
What is the thousands digit of 7435?
7
What is the units digit of 73246?
6
What is the tens digit of 2409?
0
What is the units digit of 893?
3
What is the thousands digit of 14372?
4
What is the tens digit of 1480?
8
What is the units digit of 11611?
1
What is the ten thousands digit of 58349?
5
What is the thousands digit of 7800?
7
What is the thousands digit of 1497?
1
What is the tens digit of 1059?
5
What is the thousands digit of 2662?
2
What is the thousands digit of 7458?
7
What is the ten thousands digit of 11403?
1
What is the tens digit of 628?
2
What is the thousands digit of 1309?
1
What is the tens digit of 9926?
2
What is the hundreds digit of 1691?
6
What is the tens digit of 1097?
9
What is the thousands digit of 40782?
0
What is the thousands digit of 25641?
5
What is the units digit of 1106?
6
What is the units digit of 2082?
2
What is the hundreds digit of 824?
8
What is the hundreds digit of 43153?
1
What is the tens digit of 1193?
9
What is the ten thousands digit of 10916?
1
What is the units digit of 5038?
8
What is the ten thousands digit of 65539?
6
What is the tens digit of 16622?
2
What is the ten thousands digit of 18406?
1
What is the thousands digit of 3221?
3
What is the tens digit of 67?
6
What is the hundreds digit of 53809?
8
What is the tens digit of 7517?
1
What is the thousands digit of 2477?
2
What is the units digit of 1197?
7
What is the tens digit of 255?
5
What is the tens digit of 3860?
6
What is the thousands digit of 5546?
5
What is the tens digit of 604?
0
What is the thousands digit of 6850?
6
What is the ten thousands digit of 27805?
2
What is the ten thousands digit of 37589?
3
What is the tens digit of 85965?
6
What is the thousands digit of 181783?
1
What is the units digit of 2407?
7
What is the hundreds digit of 39876?
8
What is the units digit of 104?
4
What is the units digit of 76915?
5
What is the tens digit of 109?
0
What is the units digit of 557?
7
What is the ten thousands digit of 11022?
1
What is the units digit of 22303?
3
What is the thousands digit of 48901?
8
What is the hundreds digit of 795?
7
What is the thousands digit of 4428?
4
What is the hundreds digit of 138?
1
What is the tens digit of 44582?
8
What is the thousands digit of 8166?
8
What is the thousands digit of 81931?
1
What is the tens digit of 54269?
6
What is the tens digit of 1355?
5
What is the hundreds digit of 6378?
3
What is the tens digit of 126610?
1
What is the units digit of 39884?
4
What is the units digit of 957?
7
What is the tens digit of 2905?
0
What is the hundreds digit of 2908?
9
What is the hundreds digit of 836?
8
What is the thousands digit of 123627?
3
What is the units digit of 59197?
7
What is the hundreds digit of 18195?
1
What is the units digit of 69962?
2
What is the hundreds digit of 1093?
0
What is the tens digit of 7336?
3
What is the hundreds digit of 155?
1
What is the tens digit of 5733?
3
What is the tens digit of 485?
8
What is the thousands digit of 43060?
3
What is the thousands digit of 73367?
3
What is the tens digit of 672?
7
What is the tens digit of 44813?
1
What is the thousands digit of 6060?
6
What is the units digit of 25781?
1
What is the tens digit of 17526?
2
What is the tens digit of 2155?
5
What is the units digit of 77175?
5
What is the tens digit of 127795?
9
What is the units digit of 60883?
3
What is the thousands digit of 18032?
8
What is the tens digit of 9591?
9
What is the units digit of 10636?
6
What is the hundreds digit of 39508?
5
What is the units digit of 6108?
8
What is the thousands digit of 2531?
2
What is the units digit of 590?
0
What is the thousands digit of 6371?
6
What is the tens digit of 3741?
4
What is the hundreds digit of 8779?
7
What is the units digit of 537?
7
What is the tens digit of 1638?
3
What is the units digit of 42515?
5
What is the tens digit of 20860?
6
What is the tens digit of 2475?
7
What is the units digit of 4118?
8
What is the hundreds digit of 26677?
6
What is the thousands digit of 9882?
9
What is the units digit of 3090?
0
What is the thousands digit of 33197?
3
What is the units digit of 406?
6
What is the tens digit of 4332?
3
What is the units digit of 12560?
0
What is the units digit of 10084?
4
What is the hundreds digit of 2006?
0
What is the hundreds digit of 1428?
4
What is the hundreds digit of 2069?
0
What is the hundreds digit of 1111?
1
What is the units digit of 24?
4
What is the thousands digit of 38309?
8
What is the units digit of 1109?
9
What is the tens digit of 55944?
4
What is the tens digit of 51744?
4
What is the units digit of 84062?
2
What is the tens digit of 96941?
4
What is the units digit of 22570?
0
What is the ten thousands digit of 52337?
5
What is the hundreds digit of 438?
4
What is the units digit of 717?
7
What is the units digit of 5640?
0
What is the units digit of 173?
3
What is the thousands digit of 1509?
1
What is the tens digit of 908?
0
What is the tens digit of 2326?
2
What is the hundreds digit of 133468?
4
What is the hundreds digit of 36007?
0
What is the hundreds digit of 32411?
4
What is the tens digit of 3400?
0
What is the units digit of 145659?
9
What is the hundreds digit of 16226?
2
What is the tens digit of 284?
8
What is the thousands digit of 3006?
3
What is the units digit of 44672?
2
What is the hundreds digit of 931?
9
What is the thousands digit of 22675?
2
What is the thousands digit of 3010?
3
What is the ten thousands digit of 24600?
2
What is the tens digit of 1995?
9
What is the units digit of 837?
7
What is the tens digit of 93?
9
What is the tens digit of 16184?
8
What is the thousands digit of 75811?
5
What is the units digit of 10167?
7
What is the ten thousands digit of 75020?
7
What is the thousands digit of 4313?
4
What is the thousands digit of 8838?
8
What is the units digit of 87?
7
What is the ten thousands digit of 14610?
1
What is the thousands digit of 5339?
5
What is the units digit of 17060?
0
What is the tens digit of 65?
6
What is the tens digit of 53374?
7
What is the tens digit of 4111?
1
What is the thousands digit of 2024?
2
What is the tens digit of 7385?
8
What is the hundreds digit of 116?
1
What is the units digit of 759?
9
What is the hundreds digit of 50000?
0
What is the hundreds digit of 6504?
5
What is the hundreds digit of 77577?
5
What is the hundreds digit of 21177?
1
What is the ten thousands digit of 13216?
1
What is the hundreds digit of 63256?
2
What is the tens digit of 20097?
9
What is the hundreds digit of 241?
2
What is the units digit of 1083?
3
What is the hundreds digit of 475?
4
What is the tens digit of 7737?
3
What is the hundreds digit of 18482?
4
What is the hundreds digit of 804?
8
What is the units digit of 133?
3
What is the hundreds digit of 68225?
2
What is the hundreds digit of 2494?
4
What is the hundreds digit of 82714?
7
What is the units digit of 716?
6
What is the tens digit of 1261?
6
What is the units digit of 18559?
9
What is the hundreds digit of 706?
7
What is the hundreds digit of 1408?
4
What is the units digit of 49984?
4
What is the units digit of 3071?
1
What is the tens digit of 8328?
2
What is the tens digit of 3684?
8
What is the tens digit of 1709?
0
What is the units digit of 2157?
7
What is the thousands digit of 15484?
5
What is the tens digit of 3478?
7
What is the hundreds digit of 1687?
6
What is the units digit of 8413?
3
What is the hundreds digit of 47911?
9
What is the hundreds digit of 4081?
0
What is the thousands digit of 1891?
1
What is the hundreds digit of 78627?
6
What is the units digit of 84259?
9
What is the hundreds d